, 5
Suppose -20 = -3*l + 5*l. Let q = -4 - l. What are the prime factors of q?
2, 3
Suppose 0 = 3*s - 15 + 3. List the prime factors of s.
2
Suppose 9 = 3*p - 4*m - 44, -2*m + 31 = p. List the prime factors of p.
23
Let f = 12 + 193. List the prime factors of f.
5, 41
Let w be (3/(-12))/((-5)/(-20)). Let t = w + 4. List the prime factors of t.
3
Let t(g) = -g. Let p be t(2). Let v(d) = d. Let n be v(p). Let o = n - -12. List the prime factors of o.
2, 5
Suppose -4*k - 3*f + 2 - 1 = 0, -k - 2*f = 6. Suppose -5*y + 132 = k*c - 27, -3*c + 58 = 2*y. List the prime factors of y.
5, 7
Suppose y - 554 = -5*h, 0 = 4*h + y - 316 - 128. List the prime factors of h.
2, 5, 11
Let s be -5 + 2 + -2 + -2. Let d = s - -11. Suppose -3*i - 8 = 5*w - 27, -d*w - 44 = -5*i. List the prime factors of i.
2
Let g be 1*(-5)/(-3)*3. Let f(m) = m**2 + 6*m + 7. Let p be f(-5). Suppose 0 = p*h - g - 1. List the prime factors of h.
3
Let l(y) = -y - 5*y**3 - 2 + 2 - y**2 + 0. What are the prime factors of l(-1)?
5
Let q(i) = -i**2 + 5*i - 3. Let a be q(3). Let c(y) = -2 - a + 5 + 7*y + 4*y**2 - y**3 - 4. List the prime factors of c(5).
2, 3
Let p = 3 - -9. What are the prime factors of p?
2, 3
What are the prime factors of 992/(-12)*-3 + -4?
2, 61
Let y = 10 + -8. Suppose -y*d = -6*d + 84. List the prime factors of d.
3, 7
Suppose 2*f = 176 + 246. What are the prime factors of f?
211
Let a = 2 - -3. Suppose -z + 174 = a*l, 0*l - 5*l + 5*z = -180. What are the prime factors of l?
5, 7
Let p = -122 + 179. List the prime factors of p.
3, 19
Let x = 59 - -133. What are the prime factors of x?
2, 3
Let s = -22 + 38. List the prime factors of s.
2
Let i be 0 + 76 - (0 + 1). Suppose 4*z + i = 9*z. List the prime factors of z.
3, 5
Let q be (-2)/11 + (-57)/(-11). Suppose 8 = 4*i, 4 + 3 = -c + q*i. Suppose 6 = c*j - 15. What are the prime factors of j?
7
Suppose -3*i + i = -y - 17, 5*y = 15. Let m = 16 - i. Let w(p) = -p**3 + 5*p**2 + 6*p + 5. What are the prime factors of w(m)?
5
Let h(p) = 3*p - 1. Let u be h(-8). Let c = u + 49. What are the prime factors of c?
2, 3
Let i(o) = o**3 + 6*o**2 + 4*o - 7. Let z be i(-5). Let d be 0 + 1 - z/1. Let x(r) = -r**2 + 5*r - 3. List the prime factors of x(d).
3
Let v be -1 + (2 - -1) + 0. Suppose t = 3*t + 4*y + 16, 0 = t - 5*y - 27. Suppose 0 = -t*o + p, 5*o - v = 4*p - 2*p. List the prime factors of o.
2
Suppose -j + 1 + 3 = 0. Suppose 22 = 5*y + j*i - 14, 3*i - 12 = 0. Suppose 4*q - 28 = 4*u - 88, 0 = u - y*q. List the prime factors of u.
2, 5
Suppose 3*h + 8 = 17. Let k be 10/3 - 1/h. Suppose -k = 2*p - 25. What are the prime factors of p?
11
Let s(h) = -2*h - 9. Let n be s(-6). Suppose n + 11 = a. What are the prime factors of a?
2, 7
Let y = 13 + -8. Suppose -g = -4*t - y*g + 36, t + 5*g - 9 = 0. What are the prime factors of t?
3
Let n = 122 - 61. List the prime factors of n.
61
Suppose 3*c = -0*c + 15. Suppose -c*n = -43 - 57. List the prime factors of n.
2, 5
Let a(u) = u**2 - 4*u. Let f be a(4). Suppose f*t = -t + 16. What are the prime factors of t?
2
Suppose -3*n - 678 = -5*n. Suppose -301 = 5*b + n. What are the prime factors of b/(-12) + (-2)/(-6)?
11
Let w = 24 + -15. What are the prime factors of w?
3
Let r(q) = 3*q**2. Let p be r(1). Let l be 6/(-9) - (-59)/p. Let a = l - 9. What are the prime factors of a?
2, 5
Suppose -2 = m + 5*o, -3*m - o = -7*m - 8. List the prime factors of (-14)/(-6) + m/6.
2
Let l(b) = 62*b**3 + 2*b - 1. What are the prime factors of l(1)?
3, 7
Let x = -7 - -5. List the prime factors of 0 - (-3 + 4/x).
5
Suppose -4*u + 2*n = -n - 29, -u + 14 = -3*n. Let b = 11 + -9. Suppose -b*o = -u*h, -3*h + 0*o - 2*o + 16 = 0. List the prime factors of h.
2
Suppose 0 = -5*n, -4*b - 1 + 5 = -4*n. List the prime factors of (1 - b) + (7 - -1).
2
List the prime factors of (72/(-15))/(4/(-110)).
2, 3, 11
Let h be 1 + (-3)/((-9)/111). Suppose 5*d - l = l - 86, 2*d = -l - h. List the prime factors of (-86)/d - 2/(-9).
5
Suppose -5*j - 86 = 4*w - 2*w, -4*w + 52 = -4*j. Let l = 1 - j. Suppose l = -0*q + q - n, 4*n - 46 = -2*q. What are the prime factors of q?
19
Let d(m) = 57*m - 6. What are the prime factors of d(2)?
2, 3
Suppose 0*z = 4*z - 124. What are the prime factors of z?
31
Let r(z) = 33*z**2 - 1. List the prime factors of r(-1).
2
Suppose -v = 5*c + 8, -4*c + 5*v = 3*v + 12. Let o be (-2 - (-4 - c)) + 0. Suppose -4*z + 35 + 9 = o. What are the prime factors of z?
11
Suppose 3*c - 4*i - 27 = 0, 3*c - 5*i + 5 = 7*c. List the prime factors of c.
5
Let s = -21 + 66. What are the prime factors of s?
3, 5
Suppose -4*t + 5*i + 104 = 0, 0*i = -5*t + 5*i + 130. List the prime factors of t.
2, 13
Let u = -136 - -261. What are the prime factors of u?
5
Suppose -25 = -p - 5*r + 3, 0 = 3*r - 15. Suppose -2*z + 39 = -5*b, -4*b - p = 5*z - 51. What are the prime factors of z?
2, 3
Suppose -2*g = g + 5*o - 108, 4*g = o + 121. What are the prime factors of g?
31
Suppose 2*p - 8 = -2*p. What are the prime factors of (0 - -11)*(p - 1)?
11
Suppose 4*x - 318 = -58. What are the prime factors of x?
5, 13
Suppose 3*f - 24 = 3*h, -3*f + 6*f = -5*h + 56. Suppose f + 0 = 2*j. What are the prime factors of j?
2, 3
Suppose 4*x + 3 = -3*c - 0, -4 = 4*c + 4*x. What are the prime factors of 56/(3 + -1) - c?
29
Let m(h) = 3*h**3 + 2*h**2 - 1. Let s be m(1). List the prime factors of (8 - 4/4)*s.
2, 7
Suppose 2*v + 0*v = 4*p - 20, p = 3*v. What are the prime factors of p?
2, 3
Let b = 29 + -7. What are the prime factors of b?
2, 11
Let p = 1 - 1. Suppose 2*c - v - 29 = p, 2*c - 16 = -5*v + 7. List the prime factors of c.
2, 7
Suppose 0 = -5*i - 4*g + 20 + 5, 0 = -2*g. Suppose 4*p - 35 = -i*s, 0*p + 5*p - 28 = -s. Suppose -p = v - 2*v. List the prime factors of v.
5
Let x be (-1 - -1)*(-2)/2. Let f = x - -4. Suppose -k = -f*k + 12. What are the prime factors of k?
2
Let z(a) = 5*a**2. Let c be z(-1). Suppose -q = -c*q + 108. What are the prime factors of q?
3
Let x = 95 - 63. Suppose 0*t = 2*t - x. Suppose 4*v = 3*k - 26, -k - 2*v - t = -4*k. What are the prime factors of k?
2
Suppose 0 = -9*s + 4*s. Suppose 5*y + 48 = 3*z - s*z, -2*y = 3*z - 27. What are the prime factors of z?
11
Suppose 0 = -5*c + 249 + 51. What are the prime factors of c?
2, 3, 5
Let w(l) = -l + 4. Let d be w(-4). Suppose 0 = 3*j - d*j. Suppose 3*i = 3*q - 21, 0 = 3*q - j*i - 2*i - 17. List the prime factors of q.
3
Suppose 0 = -0*d + 3*d + 153. Let j = 81 + d. What are the prime factors of j?
2, 3, 5
What are the prime factors of 3*2/(-4)*(-76)/6?
19
Suppose 205 = -38*m + 43*m. What are the prime factors of m?
41
What are the prime factors of 2/9 - (-12430)/198?
3, 7
Let r(b) = b**2 - b + 16. Let t = -9 - -9. What are the prime factors of r(t)?
2
Suppose -7*a = -3*a - 20. What are the prime factors of a?
5
Let b(j) = -18*j + 68. What are the prime factors of b(-11)?
2, 7, 19
Let l = 29 + -9. Suppose 0 = -5*r + 4*m + 27 - 2, -l = -4*r - 5*m. Suppose r*k - 2*k = 21. List the prime factors of k.
7
Suppose -i = 4*l - 143, 5*i + 3*l = 639 + 144. What are the prime factors of i?
3, 53
Let y = 29 - 23. Let n = y + 38. What are the prime factors of n?
2, 11
Let g(f) = f**3 - 4*f**2 + 2*f - 1. Let p(w) = -w**3 + 3*w**2 - 3*w. Let r(s) = -3*g(s) - 2*p(s). Let b be r(6). List the prime factors of 2 - (0 - 6/b).
2
Suppose 2570 = 5*i + 5*i. List the prime factors of i.
257
List the prime factors of 243/6*80/24.
3, 5
Let h = -21 - -7. Let l = h + 21. List the prime factors of l.
7
Suppose 10*k - 5*k + 75 = 0. Let f = k + 9. Let o = 12 + f. What are the prime factors of o?
2, 3
Suppose 4*i - 246 - 130 = 0. What are the prime factors of i?
2, 47
What are the prime factors of (2 - (-20)/(-8)) + 187/2?
3, 31
Let c = -3 - -5. Suppose -c = -i + t, -2*i = -6*i - 4*t + 24. Suppose -j = -5*v - 3*j + i, 0 = 3*v - 4*j - 18. List the prime factors of v.
2
Suppose -6*w - 2*q + 30 = -3*w, 2*w - 30 = 2*q. List the prime factors of w.
2, 3
What are the prime factors of (-26)/4*4/(-2)?
13
Suppose 6*y - 355 = y. What are the prime factors of y?
71
Let o(v) = v**3 - 2*v**2 + 3*v - 3. Let l be -5 + 3 + 4 + -2. Suppose 0 = -k + 2 - l. What are the prime factors of o(k)?
3
Suppose -3*r + 236 + 208 = 0. What are the prime factors of r?
2, 37
Suppose -2*a + q + 177 = -4*q, -a + 4*q = -87. List the prime fa